 j(-8).
4
Let m(f) = -4*f**3 + f**2 + 4*f - 3. Determine m(2).
-23
Let u(s) = s**2 + 2*s - 56. Give u(-9).
7
Let n(r) = r**2 + 6*r + 3. Give n(-6).
3
Let j(q) = q**2 + 2*q - 67. Calculate j(-9).
-4
Let t(v) = -10*v**2 + 4*v - 1. Calculate t(3).
-79
Let s(o) = -o**2 + 7*o - 9. Give s(3).
3
Let c(h) = -34*h + 36. Give c(1).
2
Let x(t) = 15*t**2 + t - 3. Calculate x(-1).
11
Let g(b) = b**2 - 14*b + 4. Calculate g(11).
-29
Let w(k) = 6*k + 6. Determine w(6).
42
Let u(i) = -i**3 - 6*i**2 - 4*i + 6. Determine u(-5).
1
Let m(f) = -4*f + 5. Calculate m(9).
-31
Let g(r) = -r**3 + 3*r**2 - 4*r + 4. Determine g(4).
-28
Let d(n) = 9*n - 70. Give d(7).
-7
Let u(c) = c**3 - 19*c**2 + 2*c - 38. Calculate u(19).
0
Let v(m) = m**3 - 7*m**2 - 7*m + 9. Calculate v(8).
17
Let y(d) = d**2 + 24. Determine y(0).
24
Let q(n) = -n + 18. Give q(-6).
24
Let r(q) = 14*q**3 + 4*q**2 + 4*q - 4. Calculate r(-2).
-108
Let j(v) = v**2 + 13*v + 20. Calculate j(-9).
-16
Let x(r) = -5*r + 108. Determine x(12).
48
Let r(f) = -2*f**3 + 8*f**2 + 3*f + 20. What is r(5)?
-15
Let a(j) = -j**2 - 2*j - 3. What is a(-3)?
-6
Let i(k) = -3*k - 3. What is i(-1)?
0
Let g(v) = 10*v**2 - 4*v - 8. What is g(4)?
136
Let c(k) = -k**3 + 6*k**2 + 21*k - 38. Determine c(8).
2
Let g(v) = 10*v**2 + 23*v - 24. Determine g(1).
9
Let o(w) = 16*w - 4. Calculate o(3).
44
Let s(k) = -k**3 + k**2 - 2*k - 9. Give s(0).
-9
Let v(q) = 3*q + 23. Calculate v(-6).
5
Let w(t) = 4*t**2 - t + 1. What is w(0)?
1
Let j(v) = v**2 + 9*v + 4. Determine j(-8).
-4
Let a(p) = -p**3 - 17*p**2 - 4*p - 19. Calculate a(-17).
49
Let n(j) = 7*j**2 + 16*j - 15. Determine n(-3).
0
Let y(l) = -5*l - 4. Determine y(-5).
21
Let k(o) = -o**3 - 9*o**2 - 7*o + 16. Give k(-8).
8
Let b(z) = 4*z**2 - z + 4. Calculate b(2).
18
Let a(b) = -b**2 - 7. What is a(-2)?
-11
Let q(m) = -m + 20. Give q(16).
4
Let x(g) = -g**2 - 3*g + 8. What is x(-9)?
-46
Let k(u) = 3*u - 30. Calculate k(8).
-6
Let x(f) = -f**3 - 13*f**2 - 14*f - 31. Calculate x(-12).
-7
Let v(q) = 5*q**3 + 16*q**2 - 2*q - 6. Determine v(-3).
9
Let t(i) = -i + 9. What is t(11)?
-2
Let s(d) = -d + 3. Give s(3).
0
Let g(z) = 10*z - 2. Determine g(-4).
-42
Let j(y) = -y**2 + y - 4. Give j(-5).
-34
Let u(b) = 2*b**3 + 3*b**2 + 11*b + 21. Calculate u(-2).
-5
Let t(h) = -h**3 - 20*h**2 - 18*h + 21. Give t(-19).
2
Let p(w) = 18*w - 152. Give p(7).
-26
Let q(y) = -y**2 + 13*y + 26. Calculate q(15).
-4
Let z(h) = -h**3 + 3*h**2 + 8*h - 6. Give z(5).
-16
Let l(s) = -s**2 + 14*s - 38. What is l(9)?
7
Let d(a) = 20*a + 261. Calculate d(-12).
21
Let z(g) = g**3 - 30*g**2 + 12*g + 491. Give z(29).
-2
Let v(q) = q**3 + 9*q**2 - 20*q + 21. Determine v(-11).
-1
Let l(z) = -z - 4. What is l(7)?
-11
Let r(b) = 2*b**2 - 27*b + 35. What is r(12)?
-1
Let u(t) = t**3 + 16*t**2 + 18*t + 22. Determine u(-15).
-23
Let t(i) = i + 10. What is t(-14)?
-4
Let d(w) = 30*w**2 + 2*w + 1. Determine d(-1).
29
Let y(l) = 3*l - 39. Give y(12).
-3
Let a(q) = q**3 + 7*q**2 + 2. Calculate a(-3).
38
Let h(o) = 5*o**2 - 2*o - 4. Give h(-4).
84
Let m(u) = -2*u**2 + 3*u - 5. Give m(6).
-59
Let s(b) = -b**3 - 20*b**2 + 4*b + 78. Calculate s(-20).
-2
Let t(g) = g**3 - 2*g**2 - 7. Determine t(3).
2
Let h(x) = -x**2 - 3*x + 4. Calculate h(2).
-6
Let n(k) = -k + 9. Calculate n(-5).
14
Let n(q) = -q**2 - 3*q + 21. What is n(-8)?
-19
Let l(v) = -v**3 + 5*v**2 + 2*v + 1. Determine l(5).
11
Let n(l) = -l**3 - l + 40. Calculate n(0).
40
Let g(q) = -q**3 + 4*q**2 - 5*q + 4. Give g(3).
-2
Let v(h) = -5*h + 6. Calculate v(2).
-4
Let g(m) = -m**2 + 12*m - 36. What is g(5)?
-1
Let x(z) = 2*z**2 - 7*z - 1. Calculate x(4).
3
Let b(u) = u**2 - 26*u + 41. Calculate b(20).
-79
Let a(o) = o**2 + 17*o - 4. Calculate a(-17).
-4
Let i(b) = 2*b + 26. Give i(-18).
-10
Let d(k) = -k**3 - k**2 - 9*k - 13. Determine d(-6).
221
Let t(o) = o + 3. Give t(-10).
-7
Let s(g) = -2*g**2 + 11*g - 15. Calculate s(7).
-36
Let h(o) = -o**3 - 4*o**2 + 8*o + 9. Give h(-5).
-6
Let f(m) = -m**2 - 2*m + 14. Give f(0).
14
Let r(m) = m**2 - m - 41. Determine r(-6).
1
Let t(r) = 6*r**2 + 4*r + 3. Calculate t(-1).
5
Let w(i) = i**3 - 8*i**2 + 10*i + 11. What is w(6)?
-1
Let w(k) = -k**3 + 8*k**2 - 3*k + 2. Determine w(7).
30
Let o(u) = -2*u**2 - 10*u + 1. Calculate o(-6).
-11
Let f(g) = -g**3 - 16*g**2 + 15*g. Calculate f(-17).
34
Let b(o) = -14*o - 82. Give b(-6).
2
Let q(a) = -a**2 - 5*a - 5. Determine q(-9).
-41
Let z(d) = 9*d**2 - d - 4. Give z(2).
30
Let z(r) = -r**3 + 14*r**2 - 13*r - 25. Give z(13).
-25
Let b(d) = -2*d**2 + 35*d + 156. Determine b(21).
9
Let j(t) = 3*t**2 - 35*t + 23. What is j(11)?
1
Let l(o) = -3*o - 4. Determine l(3).
-13
Let d(k) = -k**3 + 10*k**2 - 21*k - 7. What is d(7)?
-7
Let x(u) = -11*u**2 + 4*u - 3. Calculate x(1).
-10
Let b(a) = a**2 - 13*a - 2. Determine b(9).
-38
Let f(a) = -15*a + 7. Determine f(1).
-8
Let j(c) = -c**3 - 20*c**2 - 19*c - 10. Determine j(-19).
-10
Let o(j) = -10*j - 146. Determine o(-14).
-6
Let d(h) = h**3 - 17*h**2 + 47*h + 56. What is d(13)?
-9
Let o(m) = -2*m - 15. Determine o(-8).
1
Let q(o) = o**3 + o**2 - o. What is q(-2)?
-2
Let u(s) = -s + 2. What is u(2)?
0
Let j(k) = k**3 - 8*k**2 + 10*k + 9. Determine j(6).
-3
Let f(s) = s - 17. What is f(23)?
6
Let b(x) = -x**3 - 4*x**2 + 10*x - 12. Calculate b(-5).
-37
Let k(a) = -9*a + 42. What is k(4)?
6
Let y(z) = -z - 22. What is y(-15)?
-7
Let j(o) = 10*o. Determine j(-2).
-20
Let h(p) = -4*p + 76. What is h(17)?
8
Let u(w) = 4*w + 3. What is u(5)?
23
Let l(m) = m**3 - 4*m**2 + m + 5. Determine l(4).
9
Let p(k) = -k**2 - 28*k + 38. What is p(-29)?
9
Let m(i) = -13*i + 261. Determine m(18).
27
Let w(u) = u**2 - 35*u + 241. Determine w(26).
7
Let b(a) = 2*a - 5. What is b(-5)?
-15
Let j(w) = -w**2 + 26*w - 23. Calculate j(25).
2
Let b(s) = 10*s**2 + s. What is b(-2)?
38
Let v(k) = k**3 + 5*k**2 - 20*k - 101. Determine v(-5).
-1
Let x(t) = -8*t**2 - 6*t + 6. Calculate x(0).
6
Let g(y) = 9*y + 97. Determine g(-10).
7
Let l(z) = 5*z - 24. Determine l(13).
41
Let o(n) = 7*n - 2. Calculate o(3).
19
Let z(q) = q**3 - 10*q**2 + 6*q + 17. Give z(9).
-10
Let y(n) = -n**3 + 6*n**2 + 18*n - 21. Determine y(9).
-102
Let p(n) = n**2 + 6*n + 6. Give p(-8).
22
Let g(a) = a + 23. What is g(-12)?
11
Let d(p) = -p**2 - 4*p + 7. Determine d(-8).
-25
Let b(u) = -2*u - 1. Calculate b(3).
-7
Let z(p) = -2*p - 5. Calculate z(8).
-21
Let r(j) = -9*j**3 - 4*j**2 + 6*j. Determine r(2).
-76
Let m(t) = t**3 + 9*t**2 + 7*t + 14. Give m(-4).
66
Let s(z) = -2*z**3 - 16*z**2 + z - 10. Determine s(-8).
-18
Let v(i) = -26*i - 24. Determine v(-1).
2
Let r(v) = 12*v - 2. What is r(1)?
10
Let l(d) = d**3 - 7*d**2 + 7*d + 18. Calculate l(5).
3
Let n(d) = -2*d**2 + d + 4. Calculate n(3).
-11
Let w(v) = v**2 + 8*v - 4. Give w(-3).
-19
Let o(w) = w**3 + 18*w**2 - 22*w - 41. What is o(-19)?
16
Let p(k) = 20*k + 13. Calculate p(-1).
-7
Let v(l) = 10*l + 12. Calculate v(-5).
-38
Let i(y) = -y**3 - 4*y**2 + 3*y - 10. Determine i(-7).
116
Let x(k) = -k + 15. Give x(0).
15
Let u(h) = -h**2 + 8*h - 6. Determine u(4).
10
Let o(z) = -2*z - 7. Give o(-3).
-1
Let l(f) = f**3 + 21*f**2 - 25*f - 23. Determine l(-22).
43
Let a(v) = 2*v + 21. Calculate a(-9).
3
Let i(b) = -b**3 + 8*b**2 - 6*b + 3. Calculate i(7).
10
Let z(y) = -y**2 + 13. Give z(0).
13
Let a(v) = v**2 - 6*v - 42. Determine a(-4).
-2
Let y(x) = -x**3 - 15*x**2 + 38. What is y(-15)?
38
Let m(l) = l**3 - 7*l**2 + 13*l - 4. Calculate m(5).
11
Let o(p) = -p**2 + 5*p + 19. Give o(4).
23
Let p(t) = t**3 - 4*t**2 - t + 7. What is p(4)?
3
Let o(s) = s**3 - s**2 - 7*s + 9. What is o(4)?
29
Let b(m) = m**3 + m**2 + 7*m + 7. Calculate b(0).
7
Let l(u) = -15*u + 188. What is l(12)?
8
Let s(h) = 4*h + 6. Calculate s(0).
6
Let q(a) = a**2 - 17*a + 4. Determine q(17).
4
Let c(k) = -k**3 + k**2 + 35*k + 66. Determine c(-4).
6
Let v(h) = h**2 + 9*h + 10. What is v(-7)?
-4
Let o(i) = -5*i + 9. Calculate o(3).
-6
Let x(i) = -3*i**2 - 44*i - 25. Give x(-14).
3
Let l(h) = 2*h + 18. Determine l(-13).
-8
Let u(a) = -a**2 - 6*a - 2. What is u(-8)?
-18
Let b(x) = -x**2 - x - 47. What is b(0)?
-47
Let m(p) = p**2 - 7*p + 7. Give m(4).
-5
Let u(l) = l**3 + 4*l**2 + 4*l. Determine u(-4).
-16
Let b(h) = 9*h - 229. What is b(24)?
-13
Let i(w) = -w - 1. Calculate i(-6).
5
Let f(d) = 16*d